s digit of q(2)?
7
Let m = 531 - 323. What is the hundreds digit of m?
2
Let z(r) = r**3 - 7*r**2 + 7*r - 4. Let f be z(6). Suppose 4*l - 4*p = 3*l - 25, -3*l - f*p = 5. Let o = l - -6. What is the units digit of o?
1
Let v be -2 + 68/4 + 2. Let l = -13 + v. Suppose 0 = u - 23 + l. What is the units digit of u?
9
Suppose 3*j + 6 = 0, 4*s - 1079 = 5*j + 359. Let c = s + -88. What is the units digit of c?
9
Let b = -909 + 1623. What is the units digit of b?
4
Suppose 5*k - 4*w = -2*w + 19825, 2*k - w = 7930. What is the hundreds digit of k?
9
Suppose 2*q = -4*k + 1 + 7, 0 = 5*k + 4*q - 10. Suppose k = o - 64. What is the units digit of o?
6
What is the tens digit of (3 - 686)*(7 + -8)?
8
Suppose 4*u = -3 + 15. Suppose u*p + 5*q - 34 = 0, 2*p + 56 = 6*p - 4*q. What is the units digit of p?
3
Suppose -9*i = -2703 - 11283. What is the thousands digit of i?
1
Suppose -3*s + 12 = -s. Suppose 74 = 3*j + n, 4*j - 2*n = -s + 88. What is the units digit of j?
3
Suppose 5*c - 4102 = -4*t + 3871, -2*t + c + 3969 = 0. What is the thousands digit of t?
1
What is the units digit of 3 - ((-25)/2)/(5/10)?
8
Suppose -16*j + 24170 = -4342. What is the hundreds digit of j?
7
Let b be -30 - (-3 - 1/1). Let r = b - -12. What is the units digit of ((-12)/(-15))/(r/(-35))?
2
Let i be (-3 - (-4 - -2)) + -1. What is the tens digit of i*145/40*-4?
2
Let p be ((-60)/(-3))/1 + -3. Let s(v) = p*v + 1 - 31*v - 12 + 23*v - v**2. What is the units digit of s(7)?
3
What is the thousands digit of 8/6*-3 - 88150/(-50)?
1
Let p be 76/6 + -2 + (-8)/(-6). Suppose 7*w = p*w - 1175. What is the tens digit of w?
3
Let p = 266 + -212. What is the tens digit of p?
5
Suppose 8*w = 6*w + 2. Let v = w - -64. What is the units digit of v?
5
Suppose -r + 0*r = -8. Suppose -3*g = -g - r. Suppose -2*o - o = g*j - 63, -4*o + 84 = j. What is the tens digit of o?
2
Let g be ((-20)/(-5))/(-1 - (-21)/18). Suppose -8*y + 7*y + g = 0. What is the units digit of y?
4
Let l be ((-3)/2 + 2)*14. Suppose l*k - 2*k + p = 6, -16 = 4*p. Suppose 64 = 3*n + x, 2*n - 68 = -k*n + 3*x. What is the tens digit of n?
2
Suppose -j = -4*j + 729. Let w = 14 + j. What is the hundreds digit of w?
2
Let x(j) = 4*j**2 + 63*j + 37. What is the units digit of x(-26)?
3
Let o = 19 + -20. Let s(k) = -5*k - 1. Let z be s(o). Suppose -5*x - 3*f + 19 = -89, 5*x + z*f = 104. What is the units digit of x?
4
Let c = -115 + 177. Let h = 109 - c. What is the tens digit of h?
4
Suppose -y - q = -451, -2*y + 2*q + 550 + 372 = 0. What is the units digit of y?
6
Suppose 0 = 4*f - n - 14 - 672, -2*f + n = -344. What is the units digit of f/2 + 4/8?
6
Let y be (29 + 11)*2/(-4). What is the tens digit of 4*5/(y/(-88))?
8
Suppose 3*n = 5*z + 5269, -z = 4*n + 157 - 7213. What is the units digit of n?
3
What is the tens digit of (-2431 - (9 - 7))/(3*-1)?
1
Suppose 2*d + 3*x = 0, -d + x = 2*d - 22. Let q = 98 + d. Suppose -u = -5*h + 279, -h + 5*u - 29 = -q. What is the units digit of h?
5
Suppose -50 = -4*x + 10. What is the tens digit of -2*5/x + 442/6?
7
Let z(v) = 2*v**3 + 34*v**2 - 7*v + 25. Let y be -34*3/6*1. What is the hundreds digit of z(y)?
1
Let h be (-2 + 1)/(3 + -4). Suppose -k = -3 + h. Suppose -k*p + p = -10. What is the units digit of p?
0
What is the tens digit of (-8272)/(-3) - (-19)/(-57)?
5
Suppose 4*k - 97 - 679 = 0. Suppose 362 = 4*t - k. What is the hundreds digit of t?
1
Suppose -3*q + 4*q - z - 56 = 0, -q = -4*z - 44. What is the units digit of (-1)/4 - 3*(-965)/q?
8
Suppose -2*h = 5*b + 80, h - 128 = 5*h + 2*b. Let q = h + 34. What is the units digit of q/20 - 597/(-15)?
0
Suppose 3*y + 22 = z, 0 = 6*y - 8*y - 4. What is the units digit of (-4)/z*-6 - 2028/(-8)?
5
Let m(f) = 4*f + 3. Let i be m(-3). Let s(r) = -r**2 - 17*r - 10. What is the tens digit of s(i)?
6
What is the tens digit of (-1)/(-4) + 6236/16?
9
What is the hundreds digit of ((-790)/(-8))/(77/1232)?
5
Let s(h) = 5*h**2 - h. Let u be s(-1). Let r = u + -9. What is the units digit of (12 - -4 - r) + 0?
9
Suppose 0 = c - 7*c + 12. Suppose -4*s + 138 = -c*j, 0 = -2*j - 0*j - 6. What is the units digit of s?
3
Suppose -4*j + 5*j - 115 = 0. Suppose 5*u = 3*k - 209, 2*k - 4*u - 27 = j. What is the units digit of k?
3
Let j = 24 + -20. Suppose 0 = 8*y - j*y - 252. What is the tens digit of y?
6
Let b be 2*-21*(-4)/(-6). Let m = b + 31. What is the tens digit of (-2 + 7 - m)*20?
4
Let o = -135 - -439. What is the hundreds digit of o?
3
Suppose -2*x = -0*x - 6. Suppose p = -2*t + 6, -2*t - t = x. Let i = p - 3. What is the units digit of i?
5
What is the units digit of -2 - ((-969)/(-76))/((-3)/8)?
2
Suppose 0 = -2*b - 0*b + 2. What is the units digit of 820/12 - b/3?
8
Suppose -4*w + 488 = 5*a + 78, 2 = a. Suppose -4*h = 0, 2*b - h + 5 - 15 = 0. Suppose -b*p + w = -0*p. What is the tens digit of p?
2
Let a(b) = -2*b + 36. Let m be a(16). Suppose -3*g - 8*h = -m*h - 41, 0 = 4*g + 4*h - 56. What is the units digit of g?
5
Let v(q) = -95*q - 26. What is the tens digit of v(-6)?
4
Suppose -13*g + 116325 = 20*g. What is the thousands digit of g?
3
Let s(o) = o**3 - 9*o**2 - 39*o + 44. Let u be s(12). Let z = -2 - -23. Suppose 9*c = u*c + z. What is the units digit of c?
1
Let s = 20 + -17. Suppose 0 = p + s*p. What is the tens digit of (p/1 - 2)*-11?
2
Let p be 2/11 + (-504)/(-132). Suppose -4*z = -4*n + 4, 5*n - p*z - 9 = -0*z. Suppose -5*c - 15 = n*v - 10*v, -2*c = 4*v - 18. What is the units digit of v?
4
Suppose -2*x - 5*s + 8 + 11 = 0, x + 5*s - 12 = 0. Let w = -4 - x. Let o = 31 + w. What is the units digit of o?
0
Let s be 5/((-15)/324)*10/(-3). Suppose 13*o = 10*o + s. What is the units digit of o?
0
Let h = 994 + -963. What is the tens digit of h?
3
Suppose 2*p - 7*p + 4*u = -3099, 3*p - 1860 = 3*u. What is the hundreds digit of p?
6
Let x(z) be the second derivative of z**4/4 + z**3/2 - 5*z**2 - 4*z. Suppose 4*j - 12*j = 40. What is the units digit of x(j)?
0
Suppose 8*d - 1094 - 1834 = 0. What is the hundreds digit of d?
3
Let d(q) = -4*q - 144. Let c be d(0). Let n = -62 - c. What is the tens digit of n?
8
Let i(k) = 4*k - k**3 - 53 - k + 56 + 5*k**2. What is the units digit of i(5)?
8
What is the tens digit of (-8)/(1*(-9)/882)?
8
Suppose 4*h = -0*h + 2*d + 34, -4*h - 5*d + 69 = 0. Let p = h + 13. What is the units digit of p?
4
Let s(r) = r**2 - r - 1. Let j be s(1). What is the units digit of 240/12 - 4*j?
4
What is the hundreds digit of -15*((-6)/39 + 39752/(-520))?
1
Let x be -2 + (-148)/(-20) - 6/(-10). Let g(r) = 30*r - 31. What is the tens digit of g(x)?
4
Suppose 9*y + 87 - 114 = 0. Let t(h) = -h**3 + h**2 + 6*h + 3. Let g be t(-5). Suppose y*d = -0*d + g. What is the tens digit of d?
4
Let g(z) = -z**3 - 6*z**2 - 7*z - 6. Let y be g(-5). Suppose -4*b + 8 = -y. Suppose -k = -b*k + 34. What is the units digit of k?
7
Suppose -m - 724 = 2*x - 4*x, 1803 = 5*x + m. What is the hundreds digit of x?
3
Suppose 5*a + 15 = -0, 0 = -v - 3*a - 699. What is the units digit of (v/4)/3*(2 + -4)?
5
What is the tens digit of -11 - -4 - -2972*(-3)/(-6)?
7
Suppose 0 = 3*x - 5*x + 8. Let k(i) = i - i + x*i**2 + i**3 - 197 + 198. What is the units digit of k(-4)?
1
Let s be (-147)/(-7) - (0 + 1). Let l be ((-330)/(-11))/(6/s). Suppose 3*k - 20 = l. What is the units digit of k?
0
Let o(p) = 2*p**3 - 27*p**2 - 15*p - 4. What is the units digit of o(16)?
6
Let b = -998 - -2986. What is the tens digit of b?
8
Let n(a) = 3*a**3 - 60*a**2 - 36*a - 2. What is the thousands digit of n(22)?
2
Let k(x) = 2*x**3 - x**2 + 4*x - 7. Suppose -3*g + g + 5*l = 21, 2*g - 4*l + 16 = 0. What is the units digit of k(g)?
3
Let f(i) = -2*i**3 + 53*i**2 - 52*i - 11. What is the units digit of f(25)?
4
Let g = 13 + -14. Let p be 0/5 - (g - -7). Let v = p - -34. What is the units digit of v?
8
Suppose 0 = -5*l - 5, -s + l = -5*s + 11667. What is the thousands digit of s?
2
Let o(s) = -s**3 - 8*s**2 - 8*s - 6. Let k be o(-5). Let g = k - -69. What is the units digit of g?
8
Let u(m) be the third derivative of -19*m**4/24 + 2*m**3/3 - 4*m**2. What is the units digit of u(-1)?
3
Suppose -5*v + 772 + 1568 = 0. What is the hundreds digit of v?
4
Suppose -4*j - 5*h = -1397 + 192, 3*j = 3*h + 897. Suppose -5*n - 5*r + j = 0, r + 34 = 2*n - 86. What is the tens digit of n?
6
Let t = 1 + 3. Suppo